 22385159 a composite number?
False
Is 73173379 composite?
False
Is 13340849 a prime number?
True
Is 102779 a composite number?
True
Is 4737149 composite?
True
Is 4047697 a prime number?
True
Is 2217071 composite?
True
Is 7809049 a composite number?
False
Is 4032989 prime?
True
Is 2116105 a composite number?
True
Is 55098383 composite?
True
Is 24802177 composite?
False
Is 69133 composite?
True
Is 29252149 a prime number?
True
Is 1117349 a prime number?
True
Is 12518257 prime?
True
Is 481152299 a prime number?
True
Is 3653959 a composite number?
False
Is 10581869 prime?
False
Is 5154493 prime?
True
Is 1803743 prime?
True
Is 822569741 a prime number?
False
Is 215285167 composite?
False
Is 4118417 prime?
True
Is 4145677 a composite number?
False
Is 4463111 composite?
False
Is 47311315 composite?
True
Is 2160658 prime?
False
Is 11369357 prime?
True
Is 32591063 prime?
True
Is 38276573 prime?
True
Is 18208303 composite?
False
Is 60927007 a composite number?
False
Is 8346029 a composite number?
False
Is 1879354 a composite number?
True
Is 399158609 a prime number?
False
Is 1014389 a prime number?
True
Is 198377977 prime?
False
Is 13779835 a composite number?
True
Is 75626491 prime?
False
Is 45160921 prime?
False
Is 4520657 a composite number?
True
Is 656329 a prime number?
True
Is 21398867 prime?
False
Is 584053 a prime number?
True
Is 341539721 a composite number?
False
Is 138336917 composite?
True
Is 546787 prime?
False
Is 3579347 composite?
False
Is 674369639 a prime number?
True
Is 741227 a prime number?
True
Is 113699 composite?
True
Is 1298027 a composite number?
False
Is 1710473 a composite number?
True
Is 462030887 a composite number?
False
Is 14626303 a composite number?
False
Is 114830689 a prime number?
False
Is 4746857 a prime number?
False
Is 2781949 a prime number?
True
Is 42460549 prime?
True
Is 3556517 composite?
False
Is 73583 a prime number?
True
Is 75581894 a prime number?
False
Is 7339957 composite?
False
Is 121706323 a prime number?
True
Is 350562271 prime?
True
Is 2459641 a prime number?
False
Is 53390185 a composite number?
True
Is 3898409 a prime number?
True
Is 3277273 composite?
True
Is 3732337 prime?
False
Is 81648969 a prime number?
False
Is 41150359 a prime number?
True
Is 4396103 prime?
False
Is 152760373 composite?
True
Is 531036283 prime?
False
Is 1835633 composite?
False
Is 11036237 a prime number?
True
Is 110988857 a prime number?
False
Is 111765991 a prime number?
True
Is 5744197 a composite number?
False
Is 67052417 composite?
False
Is 1969151 a prime number?
False
Is 14034149 a composite number?
False
Is 525603179 prime?
True
Is 357094451 prime?
False
Is 1835501 a prime number?
True
Is 393964255 composite?
True
Is 7589893 composite?
False
Is 6108073 composite?
True
Is 36677057 a prime number?
True
Is 183581 a prime number?
True
Is 40036043 a composite number?
True
Is 5247283 a composite number?
True
Is 267564107 prime?
True
Is 6055949 composite?
False
Is 23289137 prime?
False
Is 1291807 a prime number?
False
Is 91439189 prime?
True
Is 7300079 prime?
True
Is 68181719 a composite number?
False
Is 114716563 composite?
True
Is 4143947 composite?
False
Is 170166901 a prime number?
True
Is 177054319 composite?
True
Is 10490041 a prime number?
True
Is 20741277 a composite number?
True
Is 55810699 composite?
True
Is 183692797 prime?
True
Is 10936637 a prime number?
True
Is 6591901 prime?
False
Is 2787593 a prime number?
True
Is 101616379 a prime number?
True
Is 10988683 a composite number?
True
Is 13568251 composite?
False
Is 44903317 a prime number?
True
Is 1759429 composite?
True
Is 193117 a composite number?
True
Is 153734743 a prime number?
True
Is 45833573 composite?
False
Is 160204943 composite?
False
Is 2331746 prime?
False
Is 106462591 a prime number?
True
Is 36109237 a prime number?
False
Is 139091515 prime?
False
Is 28473386 a composite number?
True
Is 6028199 prime?
False
Is 1289747 composite?
False
Is 9570799 a composite number?
True
Is 46229267 a composite number?
True
Is 157343 a prime number?
False
Is 396569417 a prime number?
True
Is 26097619 prime?
True
Is 753719 prime?
True
Is 115399109 prime?
False
Is 227402117 composite?
True
Is 7724513 composite?
False
Is 380197081 a prime number?
False
Is 39281741 a prime number?
False
Is 281132119 prime?
False
Is 817603 prime?
True
Is 304751 prime?
True
Is 1341779 prime?
True
Is 41015893 composite?
True
Is 14019179 composite?
False
Is 46128119 prime?
True
Is 9696061 a prime number?
False
Is 1564246 a prime number?
False
Is 3204743 composite?
True
Is 175912307 a prime number?
True
Is 87927589 a prime number?
True
Is 17184589 composite?
True
Is 377359 composite?
True
Is 3666473 prime?
True
Is 1742219 a prime number?
False
Is 93031417 prime?
False
Is 5732177 composite?
True
Is 55712227 composite?
False
Is 10811419 prime?
True
Is 38565403 a composite number?
True
Is 6809063 composite?
False
Is 1742074 a prime number?
False
Is 13428741 a prime number?
False
Is 1638869 a prime number?
True
Is 509053 prime?
True
Is 22900253 composite?
False
Is 96869827 a composite number?
False
Is 394100015 a composite number?
True
Is 504247 composite?
False
Is 239561693 a composite number?
True
Is 4810909 a prime number?
False
Is 6276019 a composite number?
False
Is 169481161 a prime number?
True
Is 203717117 composite?
False
Is 455023663 prime?
False
Is 1423661 a composite number?
True
Is 5601269 a prime number?
True
Is 2035463 composite?
True
Is 693691387 prime?
False
Is 11199943 a composite number?
False
Is 29660723 prime?
False
Is 48797657 composite?
False
Is 10672741 a composite number?
False
Is 6287963 composite?
True
Is 10164389 a prime number?
True
Is 310122451 a composite number?
True
Is 60912407 prime?
True
Is 9907571 composite?
False
Is 2317141 a composite number?
True
Is 15671015 prime?
False
Is 99132791 prime?
True
Is 120068453 a composite number?
True
Is 6590087 composite?
True
Is 32003029 a composite number?
False
Is 4678477 a prime number?
True
Is 528246659 prime?
True
Is 2411531 a composite number?
True
Is 118511 composite?
True
Is 1540505 prime?
False
Is 25096759 a composite number?
False
Is 465845 a prime number?
False
Is 6800609 a prime number?
True
Is 142987883 prime?
False
Is 2791133 composite?
True
Is 3337279 prime?
False
Is 1253249 prime?
True
Is 25869219 a composite number?
True
Is 198337 a prime number?
True
Is 91524431 a prime number?
False
Is 6211622 a composite number?
True
Is 353293 a prime number?
True
Is 4247989 a prime number?
False
Is 16382429 prime?
False
Is 23448401 a prime number?
True
Is 19295711 a prime number?
False
Is 790649 a composite number?
False
Is 18516547 prime?
False
Is 38624611 prime?
True
Is 675007 a prime number?
False
Is 96357061 prime?
False
Is 10892873 a composite number?
True
Is 90404437 prime?
False
Is 407007113 composite?
True
Is 9378409 prime?
True
Is 5343463 a prime number?
True
Is 11643781 composite?
True
Is 3936679 a composite number?
True
Is 317237783 a composite number?
False
Is 1808899 a prime number?
False
Is 200227 composite?
False
Is 1719618133 a composite number?
True
Is 7433761 prime?
False
Is 202167411 a prime number?
False
Is 46844521 prime?
True
Is 56568089 a prime number?
False
Is 131046911 composite?
True
Is 5056721 a composite number?
False
Is 144483817 a composite number?
True
Is 184693 a prime number?
True
Is 6971557 a composite number?
True
Is 3410321 a prime number?
False
Is 523452647 prime?
True
Is 1238267 composite?
False
Is 24801221 a prime number?
True
Is 250069 composite?
True
Is 62972695 composite?
True
Is 50214349 prime?
False
Is 518845 composite?
True
Is 81573397 composite?
False
Is 17167403 a composite number?
True
Is 13845229 composite?
True
Is 2447119 a prime number?
False
Is 591038801 a composite number?
False
Is 8517767 composite?
False
Is 10313938 composite?
True
Is 2727623 composite?
False
Is 326567807 prime?
False
Is 327428459 a prime number?
False
Is 2948347 a prime number?
False
Is 77423273 composite?
True
Is 50926621 composite?
False
Is 21339479 composite?
True
Is 36342061 a composite number?
True
Is 12831607 a prime number?
True
Is 1626121 a composite number?
True
Is 145872653 a prime number?
True
Is 19341974 a composite number?
True
Is 8889047 a composite number?
True
Is 775588967 a c